s 6838321753 a prime number?
True
Is 8217323173 a composite number?
False
Is 93534577369 prime?
False
Is 1790895857 a prime number?
False
Is 6415151549 a composite number?
False
Is 230223304343 composite?
True
Is 840145399 prime?
False
Is 2300760626 composite?
True
Is 2532682679 a prime number?
True
Is 13514517953 prime?
True
Is 8193669457 prime?
True
Is 13574962169 composite?
False
Is 1672895473 a prime number?
True
Is 4938221257 prime?
True
Is 1097341741 a prime number?
True
Is 18784621283 prime?
True
Is 221544791 prime?
False
Is 136142578427 prime?
False
Is 63338495579 a composite number?
False
Is 1671197027 prime?
True
Is 932793949 prime?
False
Is 4461356581 prime?
False
Is 2120533109 prime?
True
Is 1020593507 prime?
False
Is 97889290927 composite?
False
Is 18818667851 prime?
True
Is 3573827863 prime?
True
Is 7475963567 composite?
True
Is 2617783109 a composite number?
False
Is 491263453 a composite number?
False
Is 231885613 a composite number?
False
Is 11946167819 a composite number?
False
Is 137888291 a prime number?
False
Is 83832592657 a prime number?
False
Is 60046554277 a prime number?
False
Is 3078339641 composite?
True
Is 10060044322 a composite number?
True
Is 1176761851 prime?
True
Is 589794969 prime?
False
Is 2388914587 a composite number?
False
Is 14503381351 a prime number?
True
Is 1526436173 a prime number?
True
Is 608565641 prime?
True
Is 66381841763 a prime number?
True
Is 22333051271 composite?
True
Is 3926471291 composite?
True
Is 1926483829 a prime number?
False
Is 2197515741 a prime number?
False
Is 392632573 prime?
False
Is 142378864393 composite?
False
Is 35427030827 a composite number?
False
Is 66411514513 composite?
True
Is 10044352789 composite?
False
Is 33861218071 a composite number?
True
Is 978807689 composite?
True
Is 378641969 composite?
True
Is 351664827 a prime number?
False
Is 1130127701 a prime number?
False
Is 3068050589 composite?
False
Is 6526114237 prime?
True
Is 24459357469 a prime number?
True
Is 366461159 composite?
False
Is 83818172863 composite?
True
Is 1222366283 a composite number?
True
Is 15015413297 a prime number?
False
Is 16876606459 a composite number?
True
Is 29428355131 a composite number?
True
Is 33647976841 a composite number?
False
Is 1486204561 a prime number?
True
Is 10192492489 a composite number?
True
Is 348772577 a composite number?
True
Is 645922471 composite?
False
Is 10709281435 a composite number?
True
Is 10330134751 composite?
False
Is 14702589313 a prime number?
False
Is 33640605497 prime?
False
Is 54406335355 a composite number?
True
Is 3777665531 prime?
True
Is 12588415349 composite?
False
Is 6748163497 composite?
True
Is 10873282337 a prime number?
True
Is 3155682485 prime?
False
Is 37274941435 a prime number?
False
Is 58776491029 a prime number?
False
Is 2142361909 a composite number?
True
Is 10580423963 composite?
False
Is 115366561 prime?
True
Is 412125421 prime?
True
Is 31338511835 a composite number?
True
Is 3321817271 composite?
False
Is 165988679 prime?
True
Is 3470894807 a composite number?
False
Is 23000695219 prime?
True
Is 3070126123 a composite number?
True
Is 41150923903 prime?
True
Is 64488119023 a composite number?
True
Is 1729954419 a composite number?
True
Is 54549337 prime?
True
Is 1429723441 a composite number?
True
Is 26098841767 prime?
True
Is 824693321 a composite number?
True
Is 273021019 a composite number?
True
Is 205229461 prime?
False
Is 4269007631 composite?
True
Is 492371591 prime?
True
Is 43749617083 prime?
True
Is 271626959 a composite number?
True
Is 20134332703 composite?
True
Is 25459993457 composite?
False
Is 74817998371 a composite number?
True
Is 1073786699 composite?
False
Is 364957007 composite?
False
Is 14315011819 composite?
True
Is 1193560387 a composite number?
False
Is 2180177893 prime?
False
Is 580264117 a prime number?
True
Is 2329427231 prime?
False
Is 19744953607 a composite number?
False
Is 430941077 prime?
False
Is 149969297 a composite number?
True
Is 51711744809 a prime number?
False
Is 65468369 a prime number?
True
Is 585475993 a composite number?
True
Is 4358153279 composite?
False
Is 1629152561 a composite number?
True
Is 420082337 a composite number?
True
Is 7201218403 prime?
False
Is 54028546041 composite?
True
Is 633229933 prime?
False
Is 2536231987 prime?
False
Is 1805097269 composite?
False
Is 2642082227 a prime number?
True
Is 496259831 prime?
True
Is 40625813 prime?
False
Is 513009349 composite?
False
Is 10868055845 a composite number?
True
Is 1064705549 a composite number?
True
Is 45527387 a prime number?
True
Is 2949056989 a prime number?
True
Is 159284987 a composite number?
False
Is 51530989413 composite?
True
Is 1310503121 a prime number?
False
Is 9287820809 prime?
True
Is 290622223 composite?
False
Is 11790113 a prime number?
True
Is 14721345679 composite?
True
Is 34182694573 a composite number?
False
Is 71148960055 composite?
True
Is 106607437051 prime?
False
Is 7264967077 a composite number?
True
Is 605645113 composite?
True
Is 125408707 composite?
False
Is 1838956235 composite?
True
Is 1605449803 a prime number?
True
Is 2905504507 prime?
False
Is 2666150798 a prime number?
False
Is 1684789 a composite number?
False
Is 31057325353 composite?
False
Is 1364966387 a prime number?
True
Is 14523606421 prime?
False
Is 2170496173 composite?
False
Is 123528256739 a composite number?
True
Is 9620266213 prime?
False
Is 2530531229 a prime number?
False
Is 56088551 composite?
True
Is 1285791877 a composite number?
False
Is 45350186407 a prime number?
True
Is 19916110427 composite?
False
Is 995520035 composite?
True
Is 292684411 a composite number?
True
Is 294824681 a prime number?
True
Is 1759676437 composite?
False
Is 244367251 prime?
False
Is 820082141 composite?
False
Is 38492576383 a composite number?
True
Is 315205145201 a composite number?
False
Is 101758003 a composite number?
True
Is 20136335965 prime?
False
Is 20322308147 prime?
False
Is 1113661824151 prime?
True
Is 181676563 a composite number?
True
Is 2724809099 a prime number?
False
Is 77777591 prime?
True
Is 1159469803 a prime number?
True
Is 211506047 a prime number?
False
Is 128081531 prime?
False
Is 277210873 prime?
False
Is 7328359397 a prime number?
False
Is 2391487151 a prime number?
True
Is 741907487 prime?
True
Is 190346791 a composite number?
False
Is 38283021521 a composite number?
True
Is 1064416181 prime?
True
Is 7965229721 composite?
True
Is 1529917973 composite?
True
Is 881676281 a composite number?
True
Is 1636812169 prime?
False
Is 106368847267 composite?
True
Is 66464569 a composite number?
True
Is 28123633201 a prime number?
False
Is 39027558161 prime?
False
Is 7617276449 a prime number?
True
Is 736419131 a composite number?
True
Is 130054432315 composite?
True
Is 891347117 a prime number?
False
Is 686529097 prime?
True
Is 1870266599 composite?
True
Is 1338917549 composite?
False
Is 49179886457 a composite number?
True
Is 73082239 a prime number?
False
Is 776997097 composite?
False
Is 38254805201 a composite number?
False
Is 31419877 composite?
False
Is 12320803 composite?
True
Is 641465281 a composite number?
False
Is 12826726889 prime?
True
Is 1816204421 a composite number?
False
Is 5209383869 prime?
True
Is 43278783461 prime?
True
Is 248095709 prime?
True
Is 115124974031 a composite number?
False
Is 60333258963 a prime number?
False
Is 23403961837 composite?
False
Is 20908638431 prime?
False
Is 7120241299 a prime number?
False
Is 1179749705 composite?
True
Is 402249269 composite?
False
Is 12760045139 a composite number?
False
Is 245400787 a composite number?
False
Is 630394043 composite?
False
Is 116989162759 a prime number?
False
Is 12730621361 a composite number?
True
Is 4293511933 prime?
True
Is 7879621983 a prime number?
False
Is 67673174417 prime?
True
Is 2520318293 composite?
True
Is 95379457 prime?
False
Is 7033709701 composite?
False
Is 1316100481 prime?
True
Is 2136378779 prime?
False
Is 101854523 a prime number?
False
Is 16000757567 prime?
True
Is 7633961939 a prime number?
True
Is 1222567639 prime?
True
Is 2397658073 a prime number?
False
Is 2067063239 a composite number?
False
Is 122229433 composite?
False
Is 2136611611 prime?
False
Is 22286236799 composite?
False
Is 66582052301 a prime number?
True
Is 3001879651 